{"id":176,"date":"2022-01-05T20:41:48","date_gmt":"2022-01-05T20:41:48","guid":{"rendered":"http:\/\/tineschwark.de\/?page_id=176"},"modified":"2022-01-05T20:55:54","modified_gmt":"2022-01-05T20:55:54","slug":"impressum","status":"publish","type":"page","link":"http:\/\/tineschwark.de\/?page_id=176","title":{"rendered":"Impressum"},"content":{"rendered":"\n<h5 class=\"wp-block-heading\">Verantwortlich ist:<\/h5>\n\n\n\n<h5 class=\"wp-block-heading\">Tine Griese<\/h5>\n\n\n\n<p><\/p>\n\n\n\n<h5 class=\"wp-block-heading\">Prassekstr. 11<\/h5>\n\n\n\n<h5 class=\"wp-block-heading\">23566 L\u00fcbeck<\/h5>\n\n\n\n<h5 class=\"wp-block-heading\">email: info(at)tineschwark.de<\/h5>\n\n\n\n<h5 class=\"wp-block-heading\">Haftungshinweis: Trotz sorgf\u00e4ltiger inhaltlicher Kontrolle \u00fcbernehmen wir keine Haftung f\u00fcr die Inhalte externer Links. F\u00fcr den Inhalt der verlinkten Seiten sind ausschlie\u00dflich deren Betreiber verantwortlich<\/h5>\n","protected":false},"excerpt":{"rendered":"<p>Verantwortlich ist: Tine Griese Prassekstr. 11 23566 L\u00fcbeck email: info(at)tineschwark.de Haftungshinweis: Trotz sorgf\u00e4ltiger inhaltlicher Kontrolle \u00fcbernehmen wir keine Haftung f\u00fcr die Inhalte externer Links. F\u00fcr den Inhalt der verlinkten Seiten sind ausschlie\u00dflich deren Betreiber verantwortlich<\/p>\n","protected":false},"author":1,"featured_media":0,"parent":0,"menu_order":0,"comment_status":"closed","ping_status":"closed","template":"","meta":{"footnotes":""},"class_list":["post-176","page","type-page","status-publish","hentry"],"_links":{"self":[{"href":"http:\/\/tineschwark.de\/index.php?rest_route=\/wp\/v2\/pages\/176","targetHints":{"allow":["GET"]}}],"collection":[{"href":"http:\/\/tineschwark.de\/index.php?rest_route=\/wp\/v2\/pages"}],"about":[{"href":"http:\/\/tineschwark.de\/index.php?rest_route=\/wp\/v2\/types\/page"}],"author":[{"embeddable":true,"href":"http:\/\/tineschwark.de\/index.php?rest_route=\/wp\/v2\/users\/1"}],"replies":[{"embeddable":true,"href":"http:\/\/tineschwark.de\/index.php?rest_route=%2Fwp%2Fv2%2Fcomments&post=176"}],"version-history":[{"count":3,"href":"http:\/\/tineschwark.de\/index.php?rest_route=\/wp\/v2\/pages\/176\/revisions"}],"predecessor-version":[{"id":185,"href":"http:\/\/tineschwark.de\/index.php?rest_route=\/wp\/v2\/pages\/176\/revisions\/185"}],"wp:attachment":[{"href":"http:\/\/tineschwark.de\/index.php?rest_route=%2Fwp%2Fv2%2Fmedia&parent=176"}],"curies":[{"name":"wp","href":"https:\/\/api.w.org\/{rel}","templated":true}]}}